onvert -12132 (base 4) to base 5.
-3124
Convert 817 (base 14) to base 6.
11205
What is 4c74 (base 15) in base 9?
24331
What is -201554 (base 6) in base 8?
-37156
What is c37b (base 14) in base 8?
101531
Convert -192 (base 15) to base 8.
-552
Convert 8691 (base 10) to base 4.
2013303
What is -7444 (base 8) in base 15?
-1236
1551 (base 8) to base 11
724
Convert 2011102 (base 3) to base 15.
702
What is 114 (base 16) in base 12?
1b0
-2301 (base 4) to base 2
-10110001
What is -271 (base 16) in base 9?
-764
Convert 2221122 (base 4) to base 9.
15776
-10110111110 (base 2) to base 9
-2013
What is -19f (base 16) in base 7?
-1132
Convert 211103 (base 4) to base 12.
146b
463 (base 8) to base 7
616
What is 8898 (base 14) in base 8?
56146
What is 429 (base 12) in base 14?
317
-6120 (base 10) to base 11
-4664
What is 143 (base 7) in base 16?
50
What is 242312 (base 6) in base 7?
116024
-14425 (base 7) to base 8
-7624
a576 (base 15) to base 5
2104421
What is -1202001 (base 4) in base 10?
-6273
-1703 (base 14) to base 12
-2473
Convert 11120212 (base 3) to base 5.
101334
What is 36 (base 13) in base 9?
50
Convert -23768 (base 9) to base 8.
-37102
c7 (base 16) to base 12
147
Convert 1219 (base 10) to base 8.
2303
1001111111110 (base 2) to base 8
11776
Convert -910 (base 12) to base 5.
-20213
What is -301102 (base 4) in base 16?
-c52
-c4 (base 16) to base 9
-237
-412 (base 9) to base 13
-1ca
22690 (base 10) to base 8
54242
Convert -212 (base 14) to base 9.
-503
What is 243 (base 8) in base 14?
b9
-3873 (base 15) to base 12
-6b69
592 (base 12) to base 6
3502
What is c1 (base 13) in base 3?
12211
2226 (base 7) to base 10
804
110010001001 (base 2) to base 15
e3e
-12023 (base 5) to base 3
-1012220
What is -547 (base 15) in base 8?
-2250
What is -1130 (base 6) in base 11?
-226
What is 2124 (base 6) in base 8?
744
Convert -9a8 (base 12) to base 15.
-64e
-1409 (base 10) to base 4
-112001
What is 140 (base 12) in base 4?
3000
-352 (base 9) to base 11
-244
What is -3671 (base 9) in base 6?
-20401
What is -1a1 (base 15) in base 16?
-178
10417 (base 10) to base 5
313132
-1441 (base 11) to base 13
-b01
112122 (base 3) to base 4
12023
Convert 9fa (base 16) to base 3.
10111121
Convert 9e0d (base 16) to base 9.
61446
1516 (base 10) to base 6
11004
What is -2030331 (base 5) in base 6?
-413440
Convert 20130 (base 4) to base 2.
1000011100
Convert -787 (base 13) to base 16.
-50e
What is -143120 (base 5) in base 12?
-35ab
What is 7585 (base 12) in base 7?
52442
15517 (base 8) to base 5
210431
What is 1100011011000011 (base 2) in base 8?
143303
Convert 15103 (base 7) to base 16.
1048
Convert 110010 (base 3) to base 11.
278
-381 (base 15) to base 2
-1100011100
What is -30132201 (base 4) in base 11?
-3543a
212167 (base 8) to base 16
11477
What is -1866 (base 12) in base 15?
-d23
1189 (base 10) to base 7
3316
Convert 100022 (base 4) to base 15.
48e
Convert 2488 (base 12) to base 2.
1000000101000
Convert 8048 (base 12) to base 2.
11011000111000
Convert -2122201000 (base 3) to base 4.
-30300300
20053 (base 8) to base 2
10000000101011
What is -1026 (base 8) in base 5?
-4114
-9b2 (base 14) to base 16
-780
Convert 414 (base 6) to base 7.
310
3041142 (base 5) to base 2
1100000110001011
What is -2452 (base 6) in base 10?
-608
2320 (base 4) to base 10
184
Convert -858b (base 13) to base 16.
-4868
Convert -10110000 (base 2) to base 5.
-1201
Convert 10000110001 (base 2) to base 9.
1422
What is 21201201 (base 3) in base 5?
140020
What is 2002 (base 8) in base 6?
4430
Convert 868b (base 16) to base 14.
c7a3
1684 (base 15) to base 7
20065
What is 26 (base 8) in base 14?
18
What is -722 (base 11) in base 13?
-520
What is 2202310 (base 4) in base 9?
15257
What is -100010111101 (base 2) in base 15?
-9e2
-1214200 (base 6) to base 4
-33232320
Convert 1013400 (base 6) to base 15.
e699
-9566 (base 10) to base 5
-301231
What is 9170 (base 10) in base 3?
110120122
Convert 6a3 (base 11) to base 3.
1011002
What is 131170 (base 8) in base 14?
12916
Convert b937 (base 15) to base 8.
114442
What is 110111000 (base 2) in base 11?
370
2211222 (base 3) to base 4
200132
What is -2373 (base 9) in base 5?
-24032
-313 (base 4) to base 16
-37
What is 1202 (base 9) in base 15?
3e8
What is 651 (base 7) in base 10?
330
-625 (base 13) to base 11
-870
3977 (base 11) to base 5
131131
-10000111010110 (base 2) to base 3
-102212211
What is -52a (base 11) in base 15?
-2c7
What is 6aeb (base 16) in base 14?
9d91
What is 101101101100110 (base 2) in base 8?
55546
30536 (base 8) to base 15
3b28
Convert -10001010000010 (base 2) to base 10.
-8834
Convert 1a532 (base 13) to base 9.
77470
8447 (base 12) to base 13
676c
What is 2212124 (base 5) in base 15?
b5ae
What is -1111101 (base 3) in base 7?
-3115
729 (base 11) to base 14
46a
What is -1140 (base 10) in base 5?
-14030
Convert 31a1 (base 12) to base 10.
5449
What is -2011 (base 15) in base 11?
-50a1
Convert 6762 (base 11) to base 6.
105113
Convert -8a (base 13) to base 9.
-136
Convert -1b8b (base 12) to base 14.
-1363
What is -258 (base 12) in base 14?
-1b6
Convert -3244 (base 10) to base 16.
-cac
Convert -561 (base 10) to base 3.
-202210
Convert 9e (base 16) to base 13.
c2
134512 (base 6) to base 4
3012230
What is 5790 (base 13) in base 4?
2333331
What is -21100 (base 4) in base 6?
-2424
Convert 1124 (base 9) to base 16.
340
-1111001 (base 2) to base 16
-79
What is 1820 (base 12) in base 11?
2200
What is -1455 (base 13) in base 2?
-101101111111
-205 (base 15) to base 2
-111000111
1114 (base 14) to base 11
224a
4212 (base 10) to base 2
1000001110100
313 (base 13) to base 10
523
Convert -113231 (base 4) to base 7.
-4265
Convert 1000010000011 (base 2) to base 10.
4227
What is -8785 (base 15) in base 8?
-70034
Convert -1011100 (base 2) to base 5.
-332
-2213 (base 15) to base 11
-5472
What is 632 (base 7) in base 16?
13d
What is -31055 (base 10) in base 9?
-46535
Convert -b6 (base 14) to base 12.
-114
Convert 3212044 (base 5) to base 7.
313335
Convert -44550 (base 6) to base 10.
-6258
Convert 20212112 (base 3) to base 7.
20414
-1139 (base 12) to base 9
-2560
257 (base 10) to base 11
214
What is 1057 (base 14) in base 7?
11140
-23a73 (base 11) to base 8
-103405
What is 2021010 (base 3) in base 4?
121302
2154 (base 11) to base 2
101100011010
What is -22624 (base 8) in base 6?
-112312
19eb (base 15) to base 14
2097
13312 (base 5) to base 7
3104
Convert -10240 (base 5) to base 6.
-3115
23741 (base 8) to base 2
10011111100001
What is 10457 (base 13) in base 16?
727d
-ba (base 16) to base 14
-d4
Convert 121737 (base 8) to base 2.
1010001111011111
163 (base 13) to base 5
2000
-142141 (base 6) to base 9
-20407
-354 (base 10) to base 11
-2a2
What is -7728 (base 11) in base 15?
-3049
What is 11411 (base 9) in base 11?
5801
Convert 55512 (base 6) to base 11.
5904
21015 (base 6) to base 7
11135
What is -6748 (base 9) in base 15?
-1725
Convert -202202 (base 4) to base 11.
-172a
What is -412433 (base 5) in base 15?
-3ee8
What is -5a6 (base 14) in base 4?
-101212
Convert -110101011 (base 2) to base 9.
-524
What is 2020 (base 5) in base 14?
148
Convert 101010010 (base 2) to base 4.
11102
5130 (base 13) to base 8
25671
What is -13222002 (base 4) in base 3?
-1121000120
-c90 (base 13) to base 4
-201201
1201120000 (base 3) to base 8
102223
-6a9a (base 13) to base 11
-102a6
Convert -1210131 (base 4) to base 15.
-1d89
Convert 2022010221 (base 3) to base 8.
130370
-12110 (base 3) to base 4
-2103
Convert 304442 (base 6) to base 7.
131012
What is -7454 (base 11) in base 7?
-40514
-10001000111100011 (base 2) to base 5
-4220430
What is -31522 (base 9) in base 10?
-20837
What is -7 (base 11) in base 13?
-7
What is -1206 (base 16) in base 6?
-33210
1011 (base 11) to base 8
2477
-1817 (base 14) to base 5
-114313
855 (base 15) to base 3
2120122
What is -398b (base 12) in base 6?
-50255
27bb (base 15) to base 12
4b05
What is 161 (base 14) in base 12?
1b5
-100110001 (base 2) to base 13
-1a6
Convert -1010110101001 (base 2) to base 4.
-1112221
Convert -102021120 (base 3) to base 16.
-201f
Convert -924 (base 14) to base 7.
-5144
Convert -7942 (base 13) to base 7.
-100300
-834d (base 16) to base 8
-101515
What is 45a (base 12) in base 2?
1010000110
79a (base 14) to base 4
113210
What is 373 (base 8) in base 13?
164
Conve